{"id":553,"date":"2023-07-01T02:00:14","date_gmt":"2023-07-01T02:00:14","guid":{"rendered":"https:\/\/atmospherechurch.com\/toronto-es\/?page_id=553"},"modified":"2026-01-07T04:07:32","modified_gmt":"2026-01-07T04:07:32","slug":"nosotros","status":"publish","type":"page","link":"https:\/\/atmospherechurch.com\/espanol\/nosotros\/","title":{"rendered":"Nosotros"},"content":{"rendered":"\n<section id=\"overview\" class=\"imagebg parallax parallax-disable-mobile d-flex feature-cover-large feature-large\">\n    \n    <div class=\"background-image-holder\"><img decoding=\"async\" src=\"https:\/\/atmospherechurch.com\/espanol\/wp-content\/uploads\/sites\/5\/2026\/01\/ATMOS_SECTION_ABOUT-1400x900.jpg\" \/><\/div>\n    \n    <div class=\"container my-auto\">\n        <div class=\"row justify-content-end\">\n            <div class=\"col-lg-5 col-md-7 col-11\">\n                <div class=\"boxed boxed--lg border--round bg--white\">\n                    <div class=\"col-lg-10 col-md-12 mx-auto text-center-xs\">\n                       <h5 class=\"caption\">Con\u00f3cenos<\/h5>\r\n\r\n<h2>Un lugar donde personas de todos los \u00e1mbitos de la vida pueden encontrarse con Jes\u00fas.<\/h2>\r\n\r\n<h3>Somos una iglesia fascinada y en b\u00fasqueda de la presencia de Dios, presionando y creyendo en un avivamiento mundial.<\/h3>\n                    <\/div>\n                <\/div>\n            <\/div>\n        <\/div>\n        \n    <\/div>\n<\/section>\n\n\n<section id=\"block_cf079353ae143d2c719d6bc178584fe9\" class=\"feature-large imageblock text-center-xs switchable  space--sm bg--white\">\n\n<div class=\"imageblock__content col-lg-6 col-md-5\">\n<div class=\"background-image-holder background--center\"><img decoding=\"async\" src=\"https:\/\/atmospherechurch.com\/espanol\/wp-content\/uploads\/sites\/5\/2026\/01\/ismael-paramo-mGlSqeDIA1k-unsplash-1400x900.jpg\" \/><\/div>\n<\/div>\n\n<div class=\"container\">\n<div class=\"row\">\n<div class=\"col-lg-5 col-md-6 col-11\">\n\n<h5 class=\"caption\">Quienes Somos<\/h5>\r\n\r\n<h2>Una iglesia de avivamiento<\/h2>\r\n\r\n<h3>Nuestra raz\u00f3n de ser es conectar a un mundo hu\u00e9rfano con el amor transformador del Padre celestial con el fin de equipar una generaci\u00f3n de hijos de Dios para manifestar la plenitud de Cristo y causar un impacto global.<\/h3>\n<\/div>\n<\/div>\n<\/div>\n\n<\/section>\n\n\n<section id=\"vision\" class=\"text-center space--md unpad--bottom bg--secondary\" >\n<div class=\"container\">\n<div class=\"row justify-content-center\">\n<div class=\"col-md-9 col-lg-8 col-xl-6  col-12 text-center-sm text-center-xs\"><h5 class=\"caption\">Nuestra Visi\u00f3n<\/h5><h2>Mira a Jes\u00fas obrar en ti<br class=\"block-none block-sm block-md\">y a trav\u00e9s de ti<\/h2><h3>Esta es una casa que te llevar\u00e1 a conocer a Jes\u00fas, te guiar\u00e1 a descubrir una vida de libertad y prop\u00f3sito, y te equipar\u00e1 en tu llamado a generar un impacto en cada esfera de la vida.<\/h3>\n<\/div>\n<\/div>\n<\/div>\n<\/section>\n\n\n<section id=\"block_28838611b2052138e54b909cb03bc8d6\" class=\"space--none unpad--none bg--secondary \">\n<div class=\"container\">\n\t<div class=\"row modal-instance\">\n\t<div class=\"slider p-0 post-watch\" data-watch=\"true\" data-pagedots=\"true\" data-autoplay=\"false\" data-infinity=\"false\" data-group=\"false\">\n    <ul class=\"slides dual-set-mobile\">\n        <li class=\"block-card col-12 col-sm-12 col-md-6 col-lg-6 col-xl-6\">\n        <div class=\"bg--dark border--round d-flex align-items-end\" >\n        \n        <div class=\"boxed boxed--lg bg--none\"><h5 class=\"caption mb-3\">Paso 1<\/h5><h3 class=\"mb-2\"><strong>Conectar<\/strong><\/h3><p class=\"lead\">Con\u00e9ctate con Dios y la Iglesia. Nuestra visi\u00f3n es alcanzar a los perdidos y conectarlos con Dios, y a nuestra familia Iglesia Atm\u00f3sfera, un lugar adonde se sientan seguros para crecer y al que puedan llamar hogar. Nosotros compartimos el evangelio a toda persona con demostraci\u00f3n del Esp\u00edritu y de poder, seg\u00fan el modelo de Jes\u00fas.<\/p>\n\t\t<\/div>\n\t\t<\/div>\n\t\t<\/li>\n        <li class=\"block-card col-12 col-sm-12 col-md-6 col-lg-6 col-xl-6\">\n        <div class=\"bg--dark border--round d-flex align-items-end\" >\n        \n        <div class=\"boxed boxed--lg bg--none\"><h5 class=\"caption mb-3\">Paso 2<\/h5><h3 class=\"mb-2\"><strong>Cuidar<\/strong><\/h3><p class=\"lead\">Afirma Tu Identidad en Cristo. Brindamos cuidado pastoral al nuevo creyente a trav\u00e9s del proceso para afirmar su identidad de hijo y ayudarle a crecer en su relaci\u00f3n con el Padre. Luego, se restaura al quebrantado y renueva la mente a fin de que su ser total sea transformado y se convierta en un disc\u00edpulo maduro de Jes\u00fas.<\/p>\n\t\t<\/div>\n\t\t<\/div>\n\t\t<\/li>\n        <li class=\"block-card col-12 col-sm-12 col-md-6 col-lg-6 col-xl-6\">\n        <div class=\"bg--dark border--round d-flex align-items-end\" >\n        \n        <div class=\"boxed boxed--lg bg--none\"><h5 class=\"caption mb-3\">Paso 3<\/h5><h3 class=\"mb-2\"><strong>Equipar<\/strong><\/h3><p class=\"lead\">Descubre Tu Prop\u00f3sito Divino. Equipamos a los l\u00edderes para servir en \u00e1reas de ministerio de la iglesia y vivir en su prop\u00f3sito Divino de reflejar la imagen de Cristo, tanto en car\u00e1cter como en poder. Hacer disc\u00edpulos consiste en ense\u00f1ar, y entrenar para que hagan todo lo que Jes\u00fas nos mand\u00f3 y darles a conocer la plenitud de Cristo.<\/p>\n\t\t<\/div>\n\t\t<\/div>\n\t\t<\/li>\n        <li class=\"block-card col-12 col-sm-12 col-md-6 col-lg-6 col-xl-6\">\n        <div class=\"bg--dark border--round d-flex align-items-end\" >\n        \n        <div class=\"boxed boxed--lg bg--none\"><h5 class=\"caption mb-3\">Paso 4<\/h5><h3 class=\"mb-2\"><strong>Impactar<\/strong><\/h3><p class=\"lead\">Cumple el Llamado de Dios. Enviamos l\u00edderes de impacto con impartici\u00f3n espiritual y con la visi\u00f3n de esta casa, para ganar almas y multiplicar disc\u00edpulos repitiendo el proceso en la vida de otros. Tambi\u00e9n, a medida que crezcan, y de acuerdo a su llamado, pueden ser enviados para ejercer un liderazgo que impacte naciones.<\/p>\n\t\t<\/div>\n\t\t<\/div>\n\t\t<\/li>\n\t<\/ul>\n\t<\/div>\n\t<\/div>\n<\/div>\n<\/section>\n\n\n<section id=\"values\" class=\"text-center space--none unpad--bottom bg--grey\" >\n<div class=\"container\">\n<div class=\"row justify-content-center\">\n<div class=\"col-lg-7 col-12 text-center-sm text-center-xs\"><h5 class=\"caption\">Nuestros Valores<\/h5><h2>Ser como Cristo<\/h2><h3>Estamos moldeando la cultura y la sociedad al modelar a Cristo en todo lo que hacemos con audacia y autenticidad.<\/h3>\n<\/div>\n<\/div>\n<\/div>\n<\/section>\n\n\n<section id=\"block_dcca20bf43f2eea34953ee5e29544771\" class=\"space--none pt-5 bg--grey \">\n<div class=\"container\">\n\t<div class=\"row row-adjust justify-content-start modal-instance\" >\n\t\t<div class=\"block-text col-12 col-md-6 col-lg-4\">\n\t\t<div class=\"boxed bg--none text-left\"><h4 class=\"mb-2\">Una Iglesia Saludable<\/h4><p class=\"lead\">Somos una iglesia vibrante, que ama Presencia de Dios y su palabra y sue\u00f1a ver a la gente ser salva, sana y libre para amar, adorar y servir a Dios.<\/p>\n\t\t<\/div>\n\t\t<\/div>\n\t\t<div class=\"block-text col-12 col-md-6 col-lg-4\">\n\t\t<div class=\"boxed bg--none text-left\"><h4 class=\"mb-2\">Una Iglesia con Prop\u00f3sito<\/h4><p class=\"lead\">Nuestra meta suprema es descubrir y vivir en el prop\u00f3sito eterno de Dios, para convertirnos en lo que Dios nos predestin\u00f3 ser, servirle, conocerlo y reflejar el car\u00e1cter de Su Hijo en nuestras vidas.<\/p>\n\t\t<\/div>\n\t\t<\/div>\n\t\t<div class=\"block-text col-12 col-md-6 col-lg-4\">\n\t\t<div class=\"boxed bg--none text-left\"><h4 class=\"mb-2\">Una Iglesia con Identidad<\/h4><p class=\"lead\">La revelaci\u00f3n del amor del Padre nos afirma en la identidad como hijos de Dios, tambi\u00e9n tiene el poder de sanar las emociones, relaciones y de redimir nuestra historia.<\/p>\n\t\t<\/div>\n\t\t<\/div>\n\t\t<div class=\"block-text col-12 col-md-6 col-lg-4\">\n\t\t<div class=\"boxed bg--none text-left\"><h4 class=\"mb-2\">Una Iglesia de Progreso<\/h4><p class=\"lead\">Nuestra pasi\u00f3n es desarrollar al m\u00e1ximo el potencial que Dios nos dio, crecer constantemente, ir hacia nuevos niveles de fe, unci\u00f3n, revelaci\u00f3n, bendici\u00f3n, de madurez espiritual y de car\u00e1cter.<\/p>\n\t\t<\/div>\n\t\t<\/div>\n\t\t<div class=\"block-text col-12 col-md-6 col-lg-4\">\n\t\t<div class=\"boxed bg--none text-left\"><h4 class=\"mb-2\">Una Iglesia Relacional<\/h4><p class=\"lead\">Fuimos dise\u00f1ados para vivir en una relaci\u00f3n personal e \u00edntima con Dios, y a la vez, construir relaciones saludables y perdurables con nuestro pr\u00f3jimo.<\/p>\n\t\t<\/div>\n\t\t<\/div>\n\t\t<div class=\"block-text col-12 col-md-6 col-lg-4\">\n\t\t<div class=\"boxed bg--none text-left\"><h4 class=\"mb-2\">Una Iglesia Esencial<\/h4><p class=\"lead\">Nuestro llamado esencialmente es amar a Dios, y experimentar su incondicional amor para compartir con toda la gente a nuestro alrededor.<\/p>\n\t\t<\/div>\n\t\t<\/div>\n\t\t<div class=\"block-text col-12 col-md-6 col-lg-4\">\n\t\t<div class=\"boxed bg--none text-left\"><h4 class=\"mb-2\">Una Iglesia de Reino<\/h4><p class=\"lead\">Cristo vino a establecer a la tierra el gobierno de Dios, un reino sobrenatural de poder, justicia y amor. Trajo la cultura del cielo para expandir su influencia en toda esfera social, por medio de la iglesia.<\/p>\n\t\t<\/div>\n\t\t<\/div>\n\t\t<div class=\"block-text col-12 col-md-6 col-lg-4\">\n\t\t<div class=\"boxed bg--none text-left\"><h4 class=\"mb-2\">Una Iglesia Multi-Generacional<\/h4><p class=\"lead\">Nuestro sue\u00f1o es ver a cada padre natural y espiritual transferir su legado espiritual a su generaci\u00f3n y ver familias integradas en la iglesia, abuelos, padres, hijos y nietos adorando juntos al Se\u00f1or.<\/p>\n\t\t<\/div>\n\t\t<\/div>\n\t\t<div class=\"block-text col-12 col-md-6 col-lg-4\">\n\t\t<div class=\"boxed bg--none text-left\"><h4 class=\"mb-2\">Una Iglesia Multi-Cultural<\/h4><p class=\"lead\">El Esp\u00edritu Santo a creado una cultura multi\u00e9tnica en nuestra iglesia y un lugar de ensayo para el cielo, pues all\u00e1 los redimidos, gente de toda tribu, lengua y naci\u00f3n cantaremos unidos a Dios y al Cordero.<\/p>\n\t\t<\/div>\n\t\t<\/div><\/div>\n<\/div>\n<\/section>\n\n\n<section id=\"beliefs\" class=\"space--none unpad--none bg--grey\">\n<div class=\"container\">\n<div class=\"row justify-content-center\">\n<div class=\"col-12\">\n<div class=\"bg--white boxed boxed--lg rounded\"><h5 class=\"caption\">Nuestras Creencias<\/h5><h2 class=\"mb-0\">Lo que creemos<\/h2>\n<hr>\n<div class=\"accordion accordion-flush\" id=\"accordion_block\">\n        <div class=\"accordion-item\">\n        \n        <div class=\"accordion-header\" id=\"flush-heading0\">\n        <div class=\"accordion-button collapsed\" data-bs-toggle=\"collapse\" data-bs-target=\"#flush-collapse1\" aria-expanded=\"false\" aria-controls=\"flush-collapse1\">\n        <h4>La Biblia<\/h4>\n        <\/div>\n        <\/div>\n        \n        <div id=\"flush-collapse1\" class=\"accordion-collapse collapse\" aria-labelledby=\"flush-heading1\" data-bs-parent=\"#accordion_block\">\n\t\t<div class=\"accordion-body col-12 col-md-10 m-0\">\n\t\t<p class=\"lead\">La Biblia es la Palabra de Dios para todas las personas. Fue escrita por autores humanos bajo la gu\u00eda sobrenatural del Esp\u00edritu Santo. Al ser inspirada por Dios, la Biblia es verdad sin mezcla de error y es completamente relevante para nuestra vida diaria.<\/p>\n\t\t<\/div>\n        <\/div>\n        \n        <\/div>\n        <div class=\"accordion-item\">\n        \n        <div class=\"accordion-header\" id=\"flush-heading1\">\n        <div class=\"accordion-button collapsed\" data-bs-toggle=\"collapse\" data-bs-target=\"#flush-collapse2\" aria-expanded=\"false\" aria-controls=\"flush-collapse2\">\n        <h4>La Trinidad<\/h4>\n        <\/div>\n        <\/div>\n        \n        <div id=\"flush-collapse2\" class=\"accordion-collapse collapse\" aria-labelledby=\"flush-heading2\" data-bs-parent=\"#accordion_block\">\n\t\t<div class=\"accordion-body col-12 col-md-10 m-0\">\n\t\t<p class=\"lead\">Dios ha existido en relaci\u00f3n consigo mismo desde la eternidad. Existe como una sola sustancia en tres personas: el Padre, el Hijo y el Esp\u00edritu Santo. Aunque cada miembro de la Trinidad desempe\u00f1a funciones diferentes, todos poseen el mismo poder y autoridad.<\/p>\n\t\t<\/div>\n        <\/div>\n        \n        <\/div>\n        <div class=\"accordion-item\">\n        \n        <div class=\"accordion-header\" id=\"flush-heading2\">\n        <div class=\"accordion-button collapsed\" data-bs-toggle=\"collapse\" data-bs-target=\"#flush-collapse3\" aria-expanded=\"false\" aria-controls=\"flush-collapse3\">\n        <h4>El Padre<\/h4>\n        <\/div>\n        <\/div>\n        \n        <div id=\"flush-collapse3\" class=\"accordion-collapse collapse\" aria-labelledby=\"flush-heading3\" data-bs-parent=\"#accordion_block\">\n\t\t<div class=\"accordion-body col-12 col-md-10 m-0\">\n\t\t<p class=\"lead\">Dios es grande: es todopoderoso, omnisciente, omnipresente, inmutable, completamente digno de nuestra confianza y, sobre todo, Santo. Es en \u00c9l que vivimos, nos movemos y existimos. Dios es bueno. Es nuestro Padre. Es amoroso, compasivo y fiel a su pueblo y a sus promesas.<\/p>\n\t\t<\/div>\n        <\/div>\n        \n        <\/div>\n        <div class=\"accordion-item\">\n        \n        <div class=\"accordion-header\" id=\"flush-heading3\">\n        <div class=\"accordion-button collapsed\" data-bs-toggle=\"collapse\" data-bs-target=\"#flush-collapse4\" aria-expanded=\"false\" aria-controls=\"flush-collapse4\">\n        <h4>El Hijo<\/h4>\n        <\/div>\n        <\/div>\n        \n        <div id=\"flush-collapse4\" class=\"accordion-collapse collapse\" aria-labelledby=\"flush-heading4\" data-bs-parent=\"#accordion_block\">\n\t\t<div class=\"accordion-body col-12 col-md-10 m-0\">\n\t\t<p class=\"lead\">Jesucristo es completamente humano, pero a la vez completamente Dios. \u00c9l es el \u00fanico plan para que quienes est\u00e1n lejos de Dios recuperen una relaci\u00f3n correcta con \u00c9l. Vivi\u00f3 una vida perfecta para poder sustituirnos y satisfacer las exigencias divinas de perfecci\u00f3n. Derrot\u00f3 a la muerte en su resurrecci\u00f3n para que podamos tener vida.<\/p>\n\t\t<\/div>\n        <\/div>\n        \n        <\/div>\n        <div class=\"accordion-item\">\n        \n        <div class=\"accordion-header\" id=\"flush-heading4\">\n        <div class=\"accordion-button collapsed\" data-bs-toggle=\"collapse\" data-bs-target=\"#flush-collapse5\" aria-expanded=\"false\" aria-controls=\"flush-collapse5\">\n        <h4>El Esp\u00edritu Santo<\/h4>\n        <\/div>\n        <\/div>\n        \n        <div id=\"flush-collapse5\" class=\"accordion-collapse collapse\" aria-labelledby=\"flush-heading5\" data-bs-parent=\"#accordion_block\">\n\t\t<div class=\"accordion-body col-12 col-md-10 m-0\">\n\t\t<p class=\"lead\">La presencia del Esp\u00edritu Santo nos asegura nuestra relaci\u00f3n con Cristo. Gu\u00eda a los creyentes a toda la verdad y exalta a Cristo. Convence a las personas de su pecado, de la justicia de Dios y del juicio venidero. Nos consuela, nos da dones espirituales y nos hace m\u00e1s semejantes a Cristo.<\/p>\n\t\t<\/div>\n        <\/div>\n        \n        <\/div>\n        <div class=\"accordion-item\">\n        \n        <div class=\"accordion-header\" id=\"flush-heading5\">\n        <div class=\"accordion-button collapsed\" data-bs-toggle=\"collapse\" data-bs-target=\"#flush-collapse6\" aria-expanded=\"false\" aria-controls=\"flush-collapse6\">\n        <h4>Eternidad<\/h4>\n        <\/div>\n        <\/div>\n        \n        <div id=\"flush-collapse6\" class=\"accordion-collapse collapse\" aria-labelledby=\"flush-heading6\" data-bs-parent=\"#accordion_block\">\n\t\t<div class=\"accordion-body col-12 col-md-10 m-0\">\n\t\t<p class=\"lead\">El hombre fue creado para existir eternamente. Existir\u00e1 ya sea eternamente separado de Dios por el pecado o en uni\u00f3n con Dios mediante el perd\u00f3n y la salvaci\u00f3n. Estar eternamente separado de Dios es el Infierno. Estar eternamente en uni\u00f3n con \u00c9l es el Cielo. El Cielo y el Infierno son lugares de existencia eterna.<\/p>\n\t\t<\/div>\n        <\/div>\n        \n        <\/div>\n        <div class=\"accordion-item\">\n        \n        <div class=\"accordion-header\" id=\"flush-heading6\">\n        <div class=\"accordion-button collapsed\" data-bs-toggle=\"collapse\" data-bs-target=\"#flush-collapse7\" aria-expanded=\"false\" aria-controls=\"flush-collapse7\">\n        <h4>Humanidad<\/h4>\n        <\/div>\n        <\/div>\n        \n        <div id=\"flush-collapse7\" class=\"accordion-collapse collapse\" aria-labelledby=\"flush-heading7\" data-bs-parent=\"#accordion_block\">\n\t\t<div class=\"accordion-body col-12 col-md-10 m-0\">\n\t\t<p class=\"lead\">La humanidad fue creada a imagen de Dios y es el objeto supremo de su creaci\u00f3n. Fue creada para tener comuni\u00f3n con Dios, pero se separ\u00f3 de esa relaci\u00f3n debido a la desobediencia pecaminosa. Como resultado, la humanidad no puede alcanzar una relaci\u00f3n correcta con Dios por su propio esfuerzo. Cada personalidad humana es \u00fanica, posee dignidad y es digna de respeto y amor cristiano.<\/p>\n\t\t<\/div>\n        <\/div>\n        \n        <\/div>\n        <div class=\"accordion-item\">\n        \n        <div class=\"accordion-header\" id=\"flush-heading7\">\n        <div class=\"accordion-button collapsed\" data-bs-toggle=\"collapse\" data-bs-target=\"#flush-collapse8\" aria-expanded=\"false\" aria-controls=\"flush-collapse8\">\n        <h4>Salvaci\u00f3n<\/h4>\n        <\/div>\n        <\/div>\n        \n        <div id=\"flush-collapse8\" class=\"accordion-collapse collapse\" aria-labelledby=\"flush-heading8\" data-bs-parent=\"#accordion_block\">\n\t\t<div class=\"accordion-body col-12 col-md-10 m-0\">\n\t\t<p class=\"lead\">La sangre de Jesucristo, derramada en la cruz, proporciona el \u00fanico camino de salvaci\u00f3n mediante el perd\u00f3n de los pecados. La salvaci\u00f3n ocurre cuando las personas depositan su fe en la muerte y resurrecci\u00f3n de Cristo como pago suficiente por sus pecados. La salvaci\u00f3n es un don de Dios y no se puede ganar con nuestros propios esfuerzos.<\/p>\n\t\t<\/div>\n        <\/div>\n        \n        <\/div>\n        <div class=\"accordion-item\">\n        \n        <div class=\"accordion-header\" id=\"flush-heading8\">\n        <div class=\"accordion-button collapsed\" data-bs-toggle=\"collapse\" data-bs-target=\"#flush-collapse9\" aria-expanded=\"false\" aria-controls=\"flush-collapse9\">\n        <h4>La Iglesia<\/h4>\n        <\/div>\n        <\/div>\n        \n        <div id=\"flush-collapse9\" class=\"accordion-collapse collapse\" aria-labelledby=\"flush-heading9\" data-bs-parent=\"#accordion_block\">\n\t\t<div class=\"accordion-body col-12 col-md-10 m-0\">\n\t\t<p class=\"lead\">La Iglesia es una comunidad local de creyentes bautizados, unidos por la fe en Cristo. Est\u00e1 comprometida con las ense\u00f1anzas de Cristo y obedece todos sus mandamientos, y busca llevar el Evangelio al mundo. La Iglesia trabaja unida en amor y unidad, con el prop\u00f3sito final de glorificar a Cristo.<\/p>\n\t\t<\/div>\n        <\/div>\n        \n        <\/div>\n<\/div>\n<\/div>\n<\/div>\n<\/div>\n<\/div>\n<\/section>","protected":false},"excerpt":{"rendered":"","protected":false},"author":2,"featured_media":0,"parent":0,"menu_order":0,"comment_status":"closed","ping_status":"closed","template":"templates\/template-page-blockbuilder.php","meta":{"_acf_changed":false,"footnotes":""},"class_list":["post-553","page","type-page","status-publish","hentry"],"acf":[],"_links":{"self":[{"href":"https:\/\/atmospherechurch.com\/espanol\/wp-json\/wp\/v2\/pages\/553","targetHints":{"allow":["GET"]}}],"collection":[{"href":"https:\/\/atmospherechurch.com\/espanol\/wp-json\/wp\/v2\/pages"}],"about":[{"href":"https:\/\/atmospherechurch.com\/espanol\/wp-json\/wp\/v2\/types\/page"}],"author":[{"embeddable":true,"href":"https:\/\/atmospherechurch.com\/espanol\/wp-json\/wp\/v2\/users\/2"}],"replies":[{"embeddable":true,"href":"https:\/\/atmospherechurch.com\/espanol\/wp-json\/wp\/v2\/comments?post=553"}],"version-history":[{"count":10,"href":"https:\/\/atmospherechurch.com\/espanol\/wp-json\/wp\/v2\/pages\/553\/revisions"}],"predecessor-version":[{"id":789,"href":"https:\/\/atmospherechurch.com\/espanol\/wp-json\/wp\/v2\/pages\/553\/revisions\/789"}],"wp:attachment":[{"href":"https:\/\/atmospherechurch.com\/espanol\/wp-json\/wp\/v2\/media?parent=553"}],"curies":[{"name":"wp","href":"https:\/\/api.w.org\/{rel}","templated":true}]}}