{"id":550,"date":"2023-07-01T01:56:37","date_gmt":"2023-07-01T01:56:37","guid":{"rendered":"https:\/\/atmospherechurch.com\/toronto-es\/?page_id=550"},"modified":"2026-01-07T02:54:55","modified_gmt":"2026-01-07T02:54:55","slug":"visitanos","status":"publish","type":"page","link":"https:\/\/atmospherechurch.com\/espanol\/visitanos\/","title":{"rendered":"Vis\u00edtanos"},"content":{"rendered":"\n<section id=\"hero\" class=\"imagebg parallax parallax-disable-mobile d-flex flex-column image--dark hero-size-standard text-center\" data-overlay='4' >\n\n<div class=\"background-image-holder background--center\"><img decoding=\"async\" src=\"https:\/\/atmospherechurch.com\/espanol\/wp-content\/uploads\/sites\/5\/2026\/01\/ATMOS_DECISION-1400x900.jpg\" \/><\/div>\n\n<div class=\"container my-auto\">\n<div class=\"row justify-content-text-center\">\n<div class=\"col-12 text-center-xs\"><h2>Fines de semana en la Iglesia Atm\u00f3sfera<\/h2>\r\n<h3>\u00a1\u00danete a nosotros para adorar a Jes\u00fas!<\/h3>\n<\/div>\n<\/div>\n<\/div>\n\n<\/section>\n\n\n<section id=\"block_728e692fd26e75bd5da063d75b35a203\" class=\"text-center space--none unpad--bottom bg--light-grey\" >\n<div class=\"container\">\n<div class=\"row justify-content-center\">\n<div class=\"col-md-6 col-12 text-center-sm text-center-xs\"><h5 class=\"caption\">Horarios de servicio<\/h5><h2>\u00danete a nosotros los fines de semana<\/h2><h3>Creemos en crear un espacio donde las personas puedan tener encuentros aut\u00e9nticos con Cristo, descubrir sus dones y usarlos para la gloria de Dios.<\/h3>\n<\/div>\n<\/div>\n<\/div>\n<\/section>\n\n\n<section id=\"block_44202bf2c9ff37cc733f7170a4374968\" class=\"space--none pt-5 pb-5  bg--light-grey\">\n<div class=\"container\">\n<div class=\"row row-adjust justify-content-center justify-content-md-center modal-instance\">\n\t\t<div class=\"block-icon col-md-4 col-6\">\n\t\t<div class=\"boxed boxed--md bg--none text-center\"><i class=\"icon fa-classic fa-regular fa-clock\"><\/i><h3 class=\"mb-1\"><strong>2:30pm<\/strong><\/h3><p class=\"lead mb-1\">Domingos<\/p><p>Servicio presencial y en linea*<\/p>\n\t\t<\/div>\n\t\t<\/div>\n<\/div>\n<\/div>\n<\/section>\n\n\n<section id=\"block_84cfdca6dd271c3c454c992d28ca5f6e\" class=\"space--none unpad--top bg--light-grey\" >\n<div class=\"container\">\n<div class=\"row\">\n<div class=\"col-12 text-center text-center-xs text-center-sm\"><p><strong>* Servicios en linea:<\/strong> <a href=\"https:\/\/www.youtube.com\/@atmosphereespanol\" rel=\"noopener\" target=\"_blank\">\u00danete a nosotros aqu\u00ed<\/a><\/p>\r\n\n<\/div>\n<\/div>\n<\/div>\n<\/section>\n\n\n<section id=\"block_ddf4c1395ce9d3cd0d08e135dff100c3\" class=\"text-center space--none pb-5 bg--white\" >\n<div class=\"container\">\n<div class=\"row justify-content-center\">\n<div class=\"col-md-8 col-10 text-center-sm text-center-xs\"><h5 class=\"caption\">Ubicaci\u00f3n<\/h5><h2>Iglesia Atm\u00f3sfera<\/h2><h3>1290 Finch Ave West, Unit #24<br\/>North York, ON M3J 3K2<\/h3>\n<\/div>\n<\/div>\n<\/div>\n<\/section>\n\n\n<section id=\"block_33321f649e059a0abf01b00d29c11aa0\" class=\"space--none unpad bg--white\">\n<div class=\"container\">\n<div class=\"row\">\n<div class=\"block-card-map feature col-12\"><div id=\"gmap_69e8cddc78ca5\" class=\"google-map border--round shadow-none\" data-coordinates=\"43.765544,-79.4903989\" data-marker=\"#F96033\" data-zoom=\"14\" data-label=\"&lt;b&gt;Atmosphere Church&lt;\/b&gt;&lt;\/br&gt;1290 Finch Ave. West, Unit 24&lt;\/br&gt;North York, ON M3J 3K2&lt;\/br&gt;Canada\"><\/div>\n<\/div>\n<\/div>\n<\/div>\n<\/section>\n\n\n<section id=\"block_4c37e026558cc1def2b4f946a526b896\" class=\"text-center  space--none pt-5 bg--white\">\n<div class=\"container\">\n<div class=\"row\">\n<div class=\"block-card-billboard feature col-12\">\n<div class=\"boxed bg--grey p-5 boxed--rounded d-flex align-items-center shadow-none\" >\n<div class=\"container unpad\">\n<div class=\"col-sm-9 col-xl-7 col-12\">\n\t\t\n<h5 class=\"caption\">VIP<\/h5>\r\n\r\n<h2>\u00bfListo para visitar?<\/h2>\r\n\r\n<h3>H\u00e1ganos saber de su visita con anticipaci\u00f3n para que nuestro equipo le d\u00e9 una bienvenida especial.<\/h3>\r\n\r\n<p>Env\u00edanos un correo con tu nombre y la fecha en que planeas visitarnos.<\/p><a class=\"btn bg--secondary mt-4\" href=\"mailto:contact@atmospherechurch.com\" target=\"_blank\"><span class=\"btn__text\"> Enviar correo electr\u00f3nico <\/span><\/a>\n<\/div>\n<\/div>\n<\/div>\n<\/div>\n<\/div>\n<\/div>\n<\/section>\n\n\n<p><\/p>\n","protected":false},"excerpt":{"rendered":"","protected":false},"author":2,"featured_media":728,"parent":0,"menu_order":0,"comment_status":"closed","ping_status":"closed","template":"templates\/template-page-blockbuilder.php","meta":{"_acf_changed":false,"footnotes":""},"class_list":["post-550","page","type-page","status-publish","has-post-thumbnail","hentry"],"acf":[],"_links":{"self":[{"href":"https:\/\/atmospherechurch.com\/espanol\/wp-json\/wp\/v2\/pages\/550","targetHints":{"allow":["GET"]}}],"collection":[{"href":"https:\/\/atmospherechurch.com\/espanol\/wp-json\/wp\/v2\/pages"}],"about":[{"href":"https:\/\/atmospherechurch.com\/espanol\/wp-json\/wp\/v2\/types\/page"}],"author":[{"embeddable":true,"href":"https:\/\/atmospherechurch.com\/espanol\/wp-json\/wp\/v2\/users\/2"}],"replies":[{"embeddable":true,"href":"https:\/\/atmospherechurch.com\/espanol\/wp-json\/wp\/v2\/comments?post=550"}],"version-history":[{"count":10,"href":"https:\/\/atmospherechurch.com\/espanol\/wp-json\/wp\/v2\/pages\/550\/revisions"}],"predecessor-version":[{"id":748,"href":"https:\/\/atmospherechurch.com\/espanol\/wp-json\/wp\/v2\/pages\/550\/revisions\/748"}],"wp:featuredmedia":[{"embeddable":true,"href":"https:\/\/atmospherechurch.com\/espanol\/wp-json\/wp\/v2\/media\/728"}],"wp:attachment":[{"href":"https:\/\/atmospherechurch.com\/espanol\/wp-json\/wp\/v2\/media?parent=550"}],"curies":[{"name":"wp","href":"https:\/\/api.w.org\/{rel}","templated":true}]}}